14549243
List the prime factors of 113790125.
5, 397, 2293
List the prime factors of 141300671.
3191, 44281
What are the prime factors of 181445046?
2, 3, 17, 31, 57383
List the prime factors of 69896892.
2, 3, 13, 448057
What are the prime factors of 655832941?
29, 22614929
List the prime factors of 76626604.
2, 59, 324689
What are the prime factors of 1558247868?
2, 3, 109, 44123
List the prime factors of 7867783.
7, 11, 1327
What are the prime factors of 17553406?
2, 13, 675131
What are the prime factors of 1624491174?
2, 3, 47, 353, 16319
What are the prime factors of 1407175424?
2, 5496779
List the prime factors of 166619470.
2, 5, 1217, 13691
List the prime factors of 379138628.
2, 11, 131, 65777
List the prime factors of 464002203.
3, 7, 31, 421, 1693
What are the prime factors of 8494217592?
2, 3, 7, 43, 1175833
List the prime factors of 35016898.
2, 7, 587, 4261
List the prime factors of 22606868.
2, 5651717
List the prime factors of 59339537.
17, 857, 4073
What are the prime factors of 164235359?
164235359
What are the prime factors of 263147166?
2, 3, 641, 22807
What are the prime factors of 7507757016?
2, 3, 2803, 37201
What are the prime factors of 723550331?
7, 89, 1161397
What are the prime factors of 26173364?
2, 7, 934763
What are the prime factors of 391630613?
11, 59, 97, 6221
What are the prime factors of 695064459?
3, 281, 824513
What are the prime factors of 62677786?
2, 439, 71387
What are the prime factors of 278688772?
2, 7151, 9743
What are the prime factors of 296806738?
2, 977, 151897
What are the prime factors of 90361204?
2, 23, 982187
List the prime factors of 924495832.
2, 13, 83, 107101
What are the prime factors of 97958907?
3, 10884323
List the prime factors of 45147515.
5, 7, 19, 67891
What are the prime factors of 51563785?
5, 7, 13, 113327
What are the prime factors of 305053487?
6863, 44449
What are the prime factors of 2086951701?
3, 41, 103, 164729
List the prime factors of 40416139.
40416139
What are the prime factors of 6155437748?
2, 31, 41, 1210747
List the prime factors of 6864989654.
2, 61, 257, 373, 587
List the prime factors of 97606727.
4261, 22907
List the prime factors of 843270751.
843270751
List the prime factors of 1904955379.
877, 971, 2237
List the prime factors of 5518938323.
5518938323
List the prime factors of 77376301.
23, 107, 1367
What are the prime factors of 18575999?
13, 1428923
What are the prime factors of 623066342?
2, 8599, 36229
What are the prime factors of 1215951000?
2, 3, 5, 11, 36847
What are the prime factors of 378055550?
2, 5, 1373, 5507
List the prime factors of 2101468.
2, 89, 5903
List the prime factors of 444451813.
13, 73, 101, 4637
List the prime factors of 90932808.
2, 3, 83, 191, 239
List the prime factors of 61793257.
5039, 12263
List the prime factors of 52246364.
2, 331, 39461
What are the prime factors of 931502802?
2, 3, 277, 560471
List the prime factors of 76289437.
7, 10898491
List the prime factors of 4669389213.
3, 19, 419, 195511
List the prime factors of 554972116.
2, 53, 2617793
List the prime factors of 2032616085.
3, 5, 97, 1396987
List the prime factors of 1417576552.
2, 7, 17, 1489051
What are the prime factors of 1305422436?
2, 3, 19, 53, 59, 1831
What are the prime factors of 761112110?
2, 5, 11, 41, 168761
What are the prime factors of 2306951824?
2, 144184489
What are the prime factors of 264480355?
5, 52896071
List the prime factors of 31743187.
7, 4534741
List the prime factors of 360480900.
2, 3, 5, 13, 92431
What are the prime factors of 207306267?
3, 7, 53, 186259
List the prime factors of 838049247.
3, 7, 1049, 1409
What are the prime factors of 1605499984?
2, 11, 9122159
What are the prime factors of 1213359140?
2, 5, 7, 271, 31981
What are the prime factors of 3302510616?
2, 3, 5096467
List the prime factors of 71728544.
2, 31, 72307
List the prime factors of 5733642943.
7, 191, 4288439
What are the prime factors of 442365009?
3, 31, 4756613
What are the prime factors of 5289792362?
2, 653, 4050377
What are the prime factors of 16100281?
109, 147709
List the prime factors of 446499578.
2, 7, 31892827
List the prime factors of 10263436.
2, 1367, 1877
What are the prime factors of 24602986?
2, 19, 409, 1583
List the prime factors of 394257873.
3, 197, 667103
What are the prime factors of 220179134?
2, 7, 61, 347, 743
What are the prime factors of 33445884?
2, 3, 2787157
What are the prime factors of 2620349361?
3, 7, 37, 1124131
List the prime factors of 26980056.
2, 3, 61, 6143
List the prime factors of 1108060127.
37, 29947571
What are the prime factors of 148487108?
2, 7, 11, 482101
What are the prime factors of 121054403?
121054403
What are the prime factors of 7586636094?
2, 3, 109, 429643
What are the prime factors of 500967284?
2, 125241821
List the prime factors of 1806587928.
2, 3, 997, 8389
What are the prime factors of 859797888?
2, 3, 2239057
What are the prime factors of 34257807?
3, 3806423
What are the prime factors of 441429568?
2, 173, 39869
What are the prime factors of 183002611?
11, 3389, 4909
What are the prime factors of 22782207?
3, 7, 154981
What are the prime factors of 333270781?
397, 839473
What are the prime factors of 6706967105?
5, 1341393421
List the prime factors of 1084427566.
2, 29, 1499, 12473
What are the prime factors of 79775632?
2, 617, 8081
List the prime factors of 21178234.
2, 7, 11, 113, 1217
What are the prime factors of 2554252588?
2, 638563147
List the prime factors of 4733681.
4733681
What are the prime factors of 46660061?
7, 983, 6781
List the prime factors of 1347390037.
7, 192484291
List the prime factors of 4590883406.
2, 41, 1009, 55487
What are the prime factors of 446182342?
2, 29, 7692799
List the prime factors of 87704933.
87704933
What are the prime factors of 1868332129?
20051, 93179
What are the prime factors of 271140795?
3, 5, 6025351
What are the prime factors of 2002363328?
2, 7, 4469561
List the prime factors of 42141875.
5, 67427
List the prime factors of 43866687.
3, 19, 769591
List the prime factors of 10752705.
3, 5, 238949
List the prime factors of 1259302396.
2, 11, 47, 608947
What are the prime factors of 103174638?
2, 3, 7, 2456539
List the prime factors of 819341264.
2, 7, 43, 61, 2789
What are the prime factors of 32993460?
2, 3, 5, 61099
List the prime factors of 336133272.
2, 3, 149, 93997
List the prime factors of 590519166.
2, 3, 251, 392111
What are the prime factors of 4008249?
3, 7, 61, 149
What are the prime factors of 1325136024?
2, 3, 2044963
List the prime factors of 398249576.
2, 19, 29, 167, 541
What are the prime factors of 602084938?
2, 7, 13, 23, 143833
List the prime factors of 556361617.
7, 53, 1499627
What are the prime factors of 1410753698?
2, 107, 113, 227, 257
List the prime factors of 53648716.
2, 11, 233, 5233
What are the prime factors of 2142264451?
5387, 397673
What are the prime factors of 338952294?
2, 3, 18830683
List the prime factors of 73908392.
2, 2399, 3851
List the prime factors of 98577856.
2, 13, 109, 1087
What are the prime factors of 1506248008?
2, 17, 11075353
What are the prime factors of 35292136?
2, 11, 17, 31, 761
What are the prime factors of 83841885?
3, 5, 207017
List the prime factors of 233283102.
2, 3, 13, 19, 157411
What are the prime factors of 32232302?
2, 16116151
List the prime factors of 883685417.
7789, 113453
List the prime factors of 488350394.
2, 7, 1453, 24007
What are the prime factors of 34025483?
17, 379, 5281
What are the prime factors of 5912100231?
3, 4801, 410477
What are the prime factors of 227692741?
59, 311, 12409
List the prime factors of 544762281.
3, 7, 19, 59, 73, 317
What are the prime factors of 7161531390?
2, 3, 5, 13, 23, 266129
What are the prime factors of 2918808521?
1723, 1694027
What are the prime factors of 38919106?
2, 19, 439, 2333
What are the prime factors of 153202744?
2, 31, 181, 3413
What are the prime factors of 24250115?
5, 4850023
List the prime factors of 6397480144.
2, 11, 43, 845333
What are the prime factors of 967828597?
967828597
What are the prime factors of 266217764?
2, 66554441
List the prime factors of 152116884.
2, 3, 17, 14621
What are the prime factors of 4240988123?
4240988123
What are the prime factors of 8083442451?
3, 7, 384925831
List the